
6
Suppose -w + 36 = 2*w. Let f be (-4)/w - (-14)/6. Suppose 0 = -f*s - 0*s + 28. What is the tens digit of s?
1
Let u = 6 - 13. What is the units digit of u/((-15)/(-9) - 2)?
1
Suppose -2*z = -6*z + 64. What is the tens digit of z?
1
Let j(p) = p**3 + 10*p**2 + 5*p + 19. What is the units digit of j(-9)?
5
Let k(a) = -a**3 + 11*a**2 + 24*a - 10. What is the units digit of k(10)?
0
Suppose -j - 48 = -5*j. Let r = 17 - j. What is the units digit of r?
5
Let z be -2*(-1 + 2/4). Let k = -13 + 31. Suppose -q = z - k. What is the units digit of q?
7
Suppose -6*d + 1001 = 7*d. What is the units digit of d?
7
Let s(y) = -y**2 + 11*y - 9. Let l be s(8). Suppose -1 + l = w. What is the tens digit of w?
1
What is the hundreds digit of 3*543/(-18)*-4?
3
Suppose -18 = -n + 4*h - h, -3*n + h = -30. Let d = 14 - n. What is the units digit of d?
5
Let k(o) = 3 - 3*o - 3 + 0. What is the units digit of k(-3)?
9
Let o = 182 - 64. What is the hundreds digit of o?
1
Let i be ((-2)/4)/((-2)/12). Let t = i + 2. What is the units digit of t?
5
Let s be 4/8*(7 - 1). Suppose s*a = 4*y + 14 + 16, 9 = -3*y. What is the units digit of a?
6
What is the units digit of 0/1 + (-24)/(-8)?
3
Let q be ((-408)/119)/((-4)/14). Suppose 3*g + 2*g = 5*l + 120, -2*g + 5*l = -39. What is the units digit of 1/(-2 + g/q)?
4
Suppose 30 = -5*k + 2*k. Let g be (20/25)/(2/k). What is the units digit of (-1)/g + 28/16?
2
Suppose 24 = 4*x - 220. What is the units digit of x?
1
Suppose -5*w = -14 - 106. What is the tens digit of w?
2
Suppose 2*y - 4*y = 66. Let o = y - -49. What is the tens digit of o?
1
Let u = -49 - -97. What is the tens digit of u?
4
Let y be 165/12 + 2/8. Suppose 0*a + y = a. What is the tens digit of a?
1
Suppose 4*b + 4*s - 18 - 14 = 0, 3*b - 28 = -4*s. What is the tens digit of b + 0 - 3 - -13?
1
Let j(a) = a**3 + 4*a**2 - 2*a. Let o(p) be the first derivative of p**3/3 - p**2/2 - 4*p - 1. Let n be o(0). What is the units digit of j(n)?
8
Let s(b) be the second derivative of -b**5/60 - 5*b**4/12 - 3*b**3/2 - b**2/2 + b. Let x(t) be the first derivative of s(t). What is the units digit of x(-7)?
2
Let w(a) = a**3 - 11*a**2 + 11*a - 4. Let n be w(10). Suppose v = 3*t - n, 7*v - 30 = 2*v - 5*t. What is the units digit of v?
3
Let h(a) = -3 + a**2 + 8*a**3 + 3 + 4*a**3. What is the tens digit of h(1)?
1
Suppose 0*f = 5*a + 2*f + 8, 4 = -f. What is the tens digit of (a + 12)/((-2)/(-6))?
3
Suppose 3 = 3*z - 6, -2*z = -2*b - 26. Let c(f) = -f**3 + 3*f**2 - 5*f + 3. Let m be c(2). Let l = m - b. What is the units digit of l?
7
Suppose 8*y - 5*y - 30 = 0. What is the tens digit of y?
1
Let m(h) = -13*h + 49. What is the units digit of m(-18)?
3
Let c(m) = 5*m**2 - 5*m - 3. Let j be c(4). Let q = -16 + j. What is the units digit of q/4 + 5/(-20)?
0
Let q be (-4)/12 - 46/(-3). Let p be q/25 + (-2)/(-5). Suppose -5*w = -4*m - 16, -2*w - 4*m - p = -13. What is the units digit of w?
4
Let o(x) = 3*x + 4. Let n be o(-5). Let d = -7 - n. Suppose 3 = -3*s + d*s. What is the units digit of s?
3
Suppose 6*g = g + 60. Suppose -3*q + 15 = 2*q. Suppose -q*d = 5*o + g - 32, -o = -d - 4. What is the units digit of o?
4
Suppose 5*u = q + 753, 2*q = 3*u - 301 - 148. What is the tens digit of u?
5
Let v(s) be the second derivative of -s**5/20 - 7*s**4/12 - 5*s**3/6 + 2*s**2 - 2*s. Let u be v(-6). Let g = 6 - u. What is the units digit of g?
8
Let r = 3 + 7. Suppose 0 = g - 6*g + r. Suppose q = 1 + g. What is the units digit of q?
3
Suppose -36 = -2*o - 8. What is the units digit of o?
4
Let o(i) = i**2 - i - 4. Let y be o(4). Let b = y + 2. What is the tens digit of b?
1
Suppose x - s + 9 + 13 = 0, -2*x - 4*s - 44 = 0. Let o = x + 32. What is the units digit of o?
0
Let z(r) = r - 3*r + 0 + 0 - 5. Let j be z(-4). Suppose -j*q + 51 = 6. What is the tens digit of q?
1
Let s(w) = w**3 + 6*w**2 + 6*w + 4. Let z be s(-4). What is the units digit of z/54 + 79/9?
9
Suppose -q - 36 = -5*q. What is the tens digit of (q*-2)/((-6)/4)?
1
Let k(b) = 3*b + 50. Suppose -2*t = j - 0*j - 16, 0 = -t + 4. Let s(c) = 2*c + 33. Let q(p) = j*s(p) - 5*k(p). What is the units digit of q(-6)?
8
Suppose 8*t = 504 + 112. What is the units digit of t?
7
Let w be 2*(21/(-6) + 1). Let y = -6 - w. What is the units digit of (0 + 2 + y)/1?
1
Let l = 3 + -1. Suppose -a = -2*h + 10, -2*h + a = 3*a + l. Suppose 3*i - 12 - h = 0. What is the units digit of i?
5
Suppose 2*p = -s + 41, 2*s - 3*s = -5*p - 41. Suppose -5*f + 5*c + s = 2*c, 0 = -c + 3. Suppose g = 2*g - f. What is the units digit of g?
0
Let g(x) = 5*x - 7. Let d be g(5). Let h = -8 + d. Suppose -2*m + 0*m = -h. What is the units digit of m?
5
Suppose 4 = 4*l - 5*p - 4, 5 = l - 2*p. Let u(f) = -f. What is the units digit of u(l)?
3
Suppose -3*o - 3 = -18. Suppose 5 + 0 = o*g. What is the units digit of (0 - (-2)/g) + 2?
4
Let q = 2 - -10. Suppose -q - 28 = -5*a. What is the units digit of a?
8
Let b(m) = -2*m**2 - m + 2. Let y be b(2). Let h(t) = t**2 + 9*t + 3. Let p be h(y). What is the tens digit of p/(5/2 - 3)?
1
Suppose -4*r + 24 = 4*h, -3 = 3*r + 5*h - 21. Let a = r - 2. Let s(p) = -p + 5. What is the units digit of s(a)?
1
Let c = -4 - 3. Let q = c + 33. What is the units digit of q?
6
Suppose -11 = -5*f + 4*f. What is the units digit of f?
1
Let s = 100 - 94. What is the units digit of s?
6
Suppose 2*w - 30 = -6. Suppose -3*h - 4*j = -w, 3*h - 18 = 2*j - 6. What is the units digit of h?
4
Let l(g) be the first derivative of g**3/3 + g**2 + g + 2. Let n = 2 - -1. What is the units digit of l(n)?
6
Let t = -52 - -35. Let n = t - -30. What is the tens digit of n?
1
Let p(l) = l**2 - 6*l + 5. Let u be p(5). Suppose u - 2 = 2*x. What is the units digit of (1 - (2 - x)) + 9?
7
Let f(h) = -7*h - 10. Let v be f(-6). Suppose -4*i + 32 = -v. What is the tens digit of i?
1
Let w(k) = -k**3 - 9*k**2 + k + 11. Let g be w(-9). Suppose -4*i - 2*n = -26, n = -2*i + 5*n - g. What is the units digit of i + 1/(-2)*0?
5
Let n be (-5 - -10) + -1 + 1. Suppose 5*f - t = 3*f + 36, -t = -n*f + 84. What is the tens digit of f?
1
Suppose -4 = 4*z - 8*z. Suppose j + 3 = z. What is the units digit of ((-9)/(-6))/((-1)/j)?
3
Suppose 2*b - 74 = -0*b. What is the tens digit of b?
3
Let y(p) be the third derivative of p**4/8 + p**3/2 + 4*p**2. What is the units digit of y(2)?
9
Let k be (-15)/2*(-24)/30. Suppose -24 = -k*i + 4*i. What is the units digit of i?
2
Suppose -3*g - 2*g + 420 = 0. Suppose d = 5*d - g. What is the tens digit of d?
2
Suppose 2*z - 9 = -3*i + 63, z - 36 = i. What is the tens digit of z?
3
Suppose -2*p = -3*f - 1 + 6, -p - 2*f + 1 = 0. Let a(i) = -13*i. What is the tens digit of a(p)?
1
Let h = -90 + 139. What is the tens digit of h?
4
Suppose 4*i + 3*z = 35, -6 - 4 = -5*i + 3*z. What is the units digit of i?
5
Let s(v) = v**3 + 7*v**2 - 7*v - 5. What is the units digit of s(-7)?
4
Suppose -3*w + 15 = -4*c, 5*w - 2*w + 2*c + 3 = 0. Let p = w + 30. What is the units digit of p?
1
Let l be 0*(1 - 6/9). Let v(x) = 2*x + 3. What is the units digit of v(l)?
3
Suppose -2*i - 20 - 114 = 0. Let u = -32 - i. What is the tens digit of u?
3
Let p(u) = 153*u + 1. Suppose n = -3*g + 5, -5 = -3*n + 1. Let o be p(g). What is the tens digit of o/13 + 4/26?
1
Suppose -2*l + 4*g + 24 = 0, -5*l + 5*g + 7 = -28. Suppose -l*v + 60 = 3*v. What is the tens digit of v?
1
Let t = 0 + -35. Let w = t + 60. What is the units digit of w?
5
Let z(j) be the third derivative of -j**5/60 + j**4/3 + 5*j**3/3 - 2*j**2. Suppose -a + 8 = -0. What is the tens digit of z(a)?
1
Let k(g) = g**2 - 3*g**3 + 2*g**3 + 4 - 2*g**2. Let n be k(0). Suppose -n*z + 63 = 5*x, -x - x = -4*z + 70. What is the units digit of z?
7
Suppose -6 = -4*u + 6. Suppose -d = -9 + u. What is the units digit of d?
6
Let v(j) = j**3 + 6*j**2 - 6*j + 9. Let a be v(-7). Suppose 0 = -3*p + a*s + 94, p + 5*s - 2 = 1. What is the tens digit of p?
2
Suppose 5*i - 23 = 2*y, 3*i = 4*y + 4*i + 79. Let f = y + 31. What is the tens digit of f?
1
Let m = 13 - 11. What is the units digit of -1*(0 - m) + 7?
9
Suppose -v = -4*k - 2*v + 14, -3*k + 2*v + 16 = 0. Suppose -5*g + 2*l = -0*g - 20, -k*l = -20. Suppose -3*m + g*m = 15. What is the units digit of m?
5
Let v(t) = 13*t - 3. What is the units digit of v(2)?
3
Let l(r) = -22*r**3 + 2*r**2 - 7